103.85.74.32 - - [18/Aug/2026:08:25:06 -0400] "GET /wp-content/plugins/elementor/assets/lib/eicons/fonts/eicons.woff2?5.36.0 HTTP/1.1" 200 99440 "https://pradosur.mktpower.cl/wp-content/plugins/elementor/assets/lib/eicons/css/elementor-icons.min.css?ver=5.36.0" "Mozilla/5.0 (Windows NT 10.0; Win64; x64) AppleWebKit/537.36 (KHTML, like Gecko) Chrome/151.0.0.0 Safari/537.36"
103.85.74.32 - - [18/Aug/2026:08:25:06 -0400] "GET /wp-content/uploads/2025/04/banner-dos-2048x624.jpg HTTP/1.1" 200 140897 "https://pradosur.mktpower.cl/" "Mozilla/5.0 (Windows NT 10.0; Win64; x64) AppleWebKit/537.36 (KHTML, like Gecko) Chrome/151.0.0.0 Safari/537.36"
103.85.74.32 - - [18/Aug/2026:08:25:07 -0400] "GET /wp-content/uploads/2025/04/image9-300x300.png HTTP/1.1" 200 22723 "https://pradosur.mktpower.cl/" "Mozilla/5.0 (Windows NT 10.0; Win64; x64) AppleWebKit/537.36 (KHTML, like Gecko) Chrome/151.0.0.0 Safari/537.36"
103.85.74.32 - - [18/Aug/2026:08:25:07 -0400] "GET /wp-content/uploads/2025/04/2149218453.jpg HTTP/1.1" 200 482725 "https://pradosur.mktpower.cl/" "Mozilla/5.0 (Windows NT 10.0; Win64; x64) AppleWebKit/537.36 (KHTML, like Gecko) Chrome/151.0.0.0 Safari/537.36"
103.85.74.32 - - [18/Aug/2026:08:25:07 -0400] "GET /wp-content/uploads/2025/04/image5-300x300.png HTTP/1.1" 200 21368 "https://pradosur.mktpower.cl/" "Mozilla/5.0 (Windows NT 10.0; Win64; x64) AppleWebKit/537.36 (KHTML, like Gecko) Chrome/151.0.0.0 Safari/537.36"
103.85.74.32 - - [18/Aug/2026:08:25:07 -0400] "GET /wp-content/uploads/2025/04/image1-1-300x300.png HTTP/1.1" 200 29982 "https://pradosur.mktpower.cl/" "Mozilla/5.0 (Windows NT 10.0; Win64; x64) AppleWebKit/537.36 (KHTML, like Gecko) Chrome/151.0.0.0 Safari/537.36"
103.85.74.32 - - [18/Aug/2026:08:25:07 -0400] "GET /wp-content/uploads/2025/04/image10-1-300x300.png HTTP/1.1" 200 28954 "https://pradosur.mktpower.cl/" "Mozilla/5.0 (Windows NT 10.0; Win64; x64) AppleWebKit/537.36 (KHTML, like Gecko) Chrome/151.0.0.0 Safari/537.36"
103.85.74.32 - - [18/Aug/2026:08:25:08 -0400] "GET /wp-content/uploads/2025/04/image2-300x300.png HTTP/1.1" 200 33740 "https://pradosur.mktpower.cl/" "Mozilla/5.0 (Windows NT 10.0; Win64; x64) AppleWebKit/537.36 (KHTML, like Gecko) Chrome/151.0.0.0 Safari/537.36"
103.85.74.32 - - [18/Aug/2026:08:25:08 -0400] "GET /wp-content/uploads/2025/04/image16-1-300x300.png HTTP/1.1" 200 53641 "https://pradosur.mktpower.cl/" "Mozilla/5.0 (Windows NT 10.0; Win64; x64) AppleWebKit/537.36 (KHTML, like Gecko) Chrome/151.0.0.0 Safari/537.36"
103.85.74.32 - - [18/Aug/2026:08:25:08 -0400] "GET /wp-content/uploads/2025/04/image19-300x300.png HTTP/1.1" 200 20135 "https://pradosur.mktpower.cl/" "Mozilla/5.0 (Windows NT 10.0; Win64; x64) AppleWebKit/537.36 (KHTML, like Gecko) Chrome/151.0.0.0 Safari/537.36"
103.85.74.32 - - [18/Aug/2026:08:25:07 -0400] "GET /wp-content/uploads/2025/04/banner-01-1-2048x624.jpg HTTP/1.1" 200 185800 "https://pradosur.mktpower.cl/" "Mozilla/5.0 (Windows NT 10.0; Win64; x64) AppleWebKit/537.36 (KHTML, like Gecko) Chrome/151.0.0.0 Safari/537.36"
103.85.74.32 - - [18/Aug/2026:08:25:08 -0400] "GET /wp-content/uploads/2025/04/image18-300x300.png HTTP/1.1" 200 38104 "https://pradosur.mktpower.cl/" "Mozilla/5.0 (Windows NT 10.0; Win64; x64) AppleWebKit/537.36 (KHTML, like Gecko) Chrome/151.0.0.0 Safari/537.36"
103.85.74.32 - - [18/Aug/2026:08:25:08 -0400] "GET /wp-content/plugins/elementor-pro/assets/js/woocommerce-menu-cart.eb61fe086245485310a4.bundle.min.js HTTP/1.1" 200 4731 "https://pradosur.mktpower.cl/" "Mozilla/5.0 (Windows NT 10.0; Win64; x64) AppleWebKit/537.36 (KHTML, like Gecko) Chrome/151.0.0.0 Safari/537.36"
103.85.74.32 - - [18/Aug/2026:08:25:08 -0400] "GET /wp-content/plugins/elementor-pro/assets/js/loop.4a16d82b8b5e3e00f25e.bundle.min.js HTTP/1.1" 200 9365 "https://pradosur.mktpower.cl/" "Mozilla/5.0 (Windows NT 10.0; Win64; x64) AppleWebKit/537.36 (KHTML, like Gecko) Chrome/151.0.0.0 Safari/537.36"
103.85.74.32 - - [18/Aug/2026:08:25:08 -0400] "GET /wp-content/plugins/elementor-pro/assets/js/loop-carousel.f8067ec0c24b628c786e.bundle.min.js HTTP/1.1" 200 1357 "https://pradosur.mktpower.cl/" "Mozilla/5.0 (Windows NT 10.0; Win64; x64) AppleWebKit/537.36 (KHTML, like Gecko) Chrome/151.0.0.0 Safari/537.36"
103.85.74.32 - - [18/Aug/2026:08:25:08 -0400] "POST /wp-admin/admin-ajax.php HTTP/1.1" 200 27 "https://pradosur.mktpower.cl/" "Mozilla/5.0 (Windows NT 10.0; Win64; x64) AppleWebKit/537.36 (KHTML, like Gecko) Chrome/151.0.0.0 Safari/537.36"
103.85.74.32 - - [18/Aug/2026:08:25:09 -0400] "GET /wp-content/plugins/elementor/assets/js/text-editor.c084ef86600b6f11690d.bundle.min.js HTTP/1.1" 200 1394 "https://pradosur.mktpower.cl/" "Mozilla/5.0 (Windows NT 10.0; Win64; x64) AppleWebKit/537.36 (KHTML, like Gecko) Chrome/151.0.0.0 Safari/537.36"
103.85.74.32 - - [18/Aug/2026:08:25:09 -0400] "GET /wp-content/plugins/elementor-pro/assets/js/contact-buttons.33ec3b540b7caec4d0f5.bundle.min.js HTTP/1.1" 200 13843 "https://pradosur.mktpower.cl/" "Mozilla/5.0 (Windows NT 10.0; Win64; x64) AppleWebKit/537.36 (KHTML, like Gecko) Chrome/151.0.0.0 Safari/537.36"
103.85.74.32 - - [18/Aug/2026:08:25:09 -0400] "GET /wp-includes/js/wp-emoji-release.min.js?ver=7.0.4 HTTP/1.1" 200 22752 "https://pradosur.mktpower.cl/" "Mozilla/5.0 (Windows NT 10.0; Win64; x64) AppleWebKit/537.36 (KHTML, like Gecko) Chrome/151.0.0.0 Safari/537.36"
103.85.74.32 - - [18/Aug/2026:08:25:15 -0400] "POST /wp-admin/admin-ajax.php HTTP/1.1" 200 53 "https://pradosur.mktpower.cl/" "Mozilla/5.0 (Windows NT 10.0; Win64; x64) AppleWebKit/537.36 (KHTML, like Gecko) Chrome/151.0.0.0 Safari/537.36"
103.85.74.32 - - [18/Aug/2026:08:26:47 -0400] "GET /wp-content/uploads/2025/03/pradosur-_0000s_0024_9Lives_Logo_Master_Web.jpg HTTP/1.1" 200 88000 "https://pradosur.mktpower.cl/" "Mozilla/5.0 (Windows NT 10.0; Win64; x64) AppleWebKit/537.36 (KHTML, like Gecko) Chrome/151.0.0.0 Safari/537.36"
103.85.74.32 - - [18/Aug/2026:08:26:48 -0400] "GET /wp-content/uploads/2025/03/pradosur-_0000s_0013_Capa-5.jpg HTTP/1.1" 200 63564 "https://pradosur.mktpower.cl/" "Mozilla/5.0 (Windows NT 10.0; Win64; x64) AppleWebKit/537.36 (KHTML, like Gecko) Chrome/151.0.0.0 Safari/537.36"
103.85.74.32 - - [18/Aug/2026:08:26:48 -0400] "GET /wp-content/uploads/2025/03/pradosur-_0000s_0005_cannes-nuevo-logo_1.jpg HTTP/1.1" 200 37941 "https://pradosur.mktpower.cl/" "Mozilla/5.0 (Windows NT 10.0; Win64; x64) AppleWebKit/537.36 (KHTML, like Gecko) Chrome/151.0.0.0 Safari/537.36"
103.85.74.32 - - [18/Aug/2026:08:26:49 -0400] "GET /wp-content/uploads/2025/03/pradosur-_0000s_0023_Cat_Chow_.jpg HTTP/1.1" 200 68990 "https://pradosur.mktpower.cl/" "Mozilla/5.0 (Windows NT 10.0; Win64; x64) AppleWebKit/537.36 (KHTML, like Gecko) Chrome/151.0.0.0 Safari/537.36"
103.85.74.32 - - [18/Aug/2026:08:26:57 -0400] "GET /wp-content/uploads/2025/03/pradosur-_0000s_0008_champion-picaai.jpg HTTP/1.1" 200 67267 "https://pradosur.mktpower.cl/" "Mozilla/5.0 (Windows NT 10.0; Win64; x64) AppleWebKit/537.36 (KHTML, like Gecko) Chrome/151.0.0.0 Safari/537.36"
103.85.74.32 - - [18/Aug/2026:08:26:57 -0400] "GET /wp-content/uploads/2025/03/pradosur-_0000s_0028_championcatlogo.jpg HTTP/1.1" 200 61762 "https://pradosur.mktpower.cl/" "Mozilla/5.0 (Windows NT 10.0; Win64; x64) AppleWebKit/537.36 (KHTML, like Gecko) Chrome/151.0.0.0 Safari/537.36"
103.85.74.32 - - [18/Aug/2026:08:26:58 -0400] "GET /wp-content/uploads/2025/03/pradosur-_0000s_0019_Churu-Logo.jpg HTTP/1.1" 200 56159 "https://pradosur.mktpower.cl/" "Mozilla/5.0 (Windows NT 10.0; Win64; x64) AppleWebKit/537.36 (KHTML, like Gecko) Chrome/151.0.0.0 Safari/537.36"
103.85.74.32 - - [18/Aug/2026:08:26:58 -0400] "GET /wp-content/uploads/2025/03/pradosur-_0000s_0011_Capa-6.jpg HTTP/1.1" 200 41520 "https://pradosur.mktpower.cl/" "Mozilla/5.0 (Windows NT 10.0; Win64; x64) AppleWebKit/537.36 (KHTML, like Gecko) Chrome/151.0.0.0 Safari/537.36"
103.85.74.32 - - [18/Aug/2026:08:27:06 -0400] "GET /wp-content/uploads/2025/03/favicon-64x64.jpg HTTP/1.1" 200 2376 "https://pradosur.mktpower.cl/" "Mozilla/5.0 (Windows NT 10.0; Win64; x64) AppleWebKit/537.36 (KHTML, like Gecko) Chrome/151.0.0.0 Safari/537.36"
162.240.50.153 - - [18/Aug/2026:08:29:59 -0400] "POST /wp-cron.php?doing_wp_cron=1787056199.5435359477996826171875 HTTP/1.1" 200 - "-" "WordPress/7.0.4; https://pradosur.mktpower.cl"
190.105.222.232 - - [18/Aug/2026:08:29:57 -0400] "GET /producto/champion-cat-gatitos/?add-to-cart=1366 HTTP/1.1" 200 183973 "-" "Mozilla/5.0 (Macintosh; Intel Mac OS X 10_15_7) AppleWebKit/537.36 (KHTML, like Gecko) Chrome/146.0.0.0 Safari/537.36"
162.240.50.153 - - [18/Aug/2026:08:39:03 -0400] "POST /wp-cron.php?doing_wp_cron=1787056743.6070199012756347656250 HTTP/1.1" 200 - "-" "WordPress/7.0.4; https://pradosur.mktpower.cl"
54.86.59.155 - - [18/Aug/2026:08:39:01 -0400] "GET /producto/guau-forte-25kg/?nocache=1787007784 HTTP/1.1" 200 183223 "-" "Mozilla/5.0 AppleWebKit/537.36 (KHTML, like Gecko; compatible; Amazonbot/0.1; +https://developer.amazon.com/support/amazonbot) Chrome/119.0.6045.214 Safari/537.36"
34.225.243.131 - - [18/Aug/2026:08:39:05 -0400] "GET /producto/xt-adulto-10kg/embed/?nocache=1786989385 HTTP/1.1" 200 184708 "-" "Mozilla/5.0 AppleWebKit/537.36 (KHTML, like Gecko; compatible; Amazonbot/0.1; +https://developer.amazon.com/support/amazonbot) Chrome/119.0.6045.214 Safari/537.36"
52.0.105.244 - - [18/Aug/2026:08:39:09 -0400] "GET /producto/master-cat-gatito/?nocache=1786969341 HTTP/1.1" 200 184613 "-" "Mozilla/5.0 AppleWebKit/537.36 (KHTML, like Gecko; compatible; Amazonbot/0.1; +https://developer.amazon.com/support/amazonbot) Chrome/119.0.6045.214 Safari/537.36"
3.216.86.144 - - [18/Aug/2026:08:39:13 -0400] "GET /producto/arena-turbo-clean-manzana-2kg/embed/?nocache=1786996386 HTTP/1.1" 200 182719 "-" "Mozilla/5.0 AppleWebKit/537.36 (KHTML, like Gecko; compatible; Amazonbot/0.1; +https://developer.amazon.com/support/amazonbot) Chrome/119.0.6045.214 Safari/537.36"
100.29.34.97 - - [18/Aug/2026:08:39:16 -0400] "GET /producto/cannes-adulto-18kg/embed/?nocache=1786966533 HTTP/1.1" 200 185123 "-" "Mozilla/5.0 AppleWebKit/537.36 (KHTML, like Gecko; compatible; Amazonbot/0.1; +https://developer.amazon.com/support/amazonbot) Chrome/119.0.6045.214 Safari/537.36"
23.20.178.124 - - [18/Aug/2026:08:39:21 -0400] "GET /producto/master-cat-salmon-relleno-20kg/embed/?nocache=1786979970 HTTP/1.1" 200 185678 "-" "Mozilla/5.0 AppleWebKit/537.36 (KHTML, like Gecko; compatible; Amazonbot/0.1; +https://developer.amazon.com/support/amazonbot) Chrome/119.0.6045.214 Safari/537.36"
162.240.50.153 - - [18/Aug/2026:08:42:02 -0400] "POST /wp-cron.php?doing_wp_cron=1787056922.0827550888061523437500 HTTP/1.1" 200 - "-" "WordPress/7.0.4; https://pradosur.mktpower.cl"
66.249.79.201 - - [18/Aug/2026:08:42:00 -0400] "GET /robots.txt HTTP/1.1" 200 270 "-" "Mozilla/5.0 (compatible; Googlebot/2.1; +http://www.google.com/bot.html)"
66.249.79.201 - - [18/Aug/2026:08:42:02 -0400] "GET /producto/master-dog-adulto-raza-pequena/ HTTP/1.1" 200 183931 "-" "Mozilla/5.0 (compatible; Googlebot/2.1; +http://www.google.com/bot.html)"
66.249.79.201 - - [18/Aug/2026:08:42:04 -0400] "GET /producto/alfa-dog-premium-adulto-senior-7-raza-medianas-y-grandes/?nocache=1768046215 HTTP/1.1" 200 184602 "-" "Mozilla/5.0 (compatible; Googlebot/2.1; +http://www.google.com/bot.html)"
162.240.50.153 - - [18/Aug/2026:08:50:33 -0400] "POST /wp-cron.php?doing_wp_cron=1787057433.2080988883972167968750 HTTP/1.1" 200 - "-" "WordPress/7.0.4; https://pradosur.mktpower.cl"
47.128.117.108 - - [18/Aug/2026:08:50:31 -0400] "GET /producto/alfa-dog-adulto-senior-7-raza-medianas-y-grandes/ HTTP/1.1" 200 184491 "-" "Mozilla/5.0 (Linux; Android 5.0) AppleWebKit/537.36 (KHTML, like Gecko) Mobile Safari/537.36 (compatible; Bytespider; https://bytedance.sg.larkoffice.com/docx/K5bxdypulop3IIxrJb0lOjLVgFe)"
47.128.117.108 - - [18/Aug/2026:08:50:34 -0400] "GET /wp-content/plugins/woocommerce-products-filter/ext/select_hierarchy/css/html_types/select_hierarchy.css?ver=3.3.6.6 HTTP/1.1" 200 - "https://pradosur.mktpower.cl/producto/alfa-dog-adulto-senior-7-raza-medianas-y-grandes/" "Mozilla/5.0 (Linux; Android 5.0) AppleWebKit/537.36 (KHTML, like Gecko) Mobile Safari/537.36 (compatible; Bytespider; https://bytedance.sg.larkoffice.com/docx/K5bxdypulop3IIxrJb0lOjLVgFe)"
47.128.117.108 - - [18/Aug/2026:08:50:34 -0400] "GET /wp-content/plugins/woocommerce-products-filter/ext/slider/css/html_types/slider.css?ver=3.3.6.6 HTTP/1.1" 200 - "https://pradosur.mktpower.cl/producto/alfa-dog-adulto-senior-7-raza-medianas-y-grandes/" "Mozilla/5.0 (Linux; Android 5.0) AppleWebKit/537.36 (KHTML, like Gecko) Mobile Safari/537.36 (compatible; Bytespider; https://bytedance.sg.larkoffice.com/docx/K5bxdypulop3IIxrJb0lOjLVgFe)"
47.128.117.108 - - [18/Aug/2026:08:50:36 -0400] "GET /wp-content/uploads/2025/04/image91-600x650.png HTTP/1.1" 206 500 "https://pradosur.mktpower.cl/producto/alfa-dog-adulto-senior-7-raza-medianas-y-grandes/" "Mozilla/5.0 (Linux; Android 5.0) AppleWebKit/537.36 (KHTML, like Gecko) Mobile Safari/537.36 (compatible; Bytespider; https://bytedance.sg.larkoffice.com/docx/K5bxdypulop3IIxrJb0lOjLVgFe)"
47.128.117.108 - - [18/Aug/2026:08:50:36 -0400] "GET /wp-content/uploads/2025/04/image50-300x300.png HTTP/1.1" 206 500 "https://pradosur.mktpower.cl/producto/alfa-dog-adulto-senior-7-raza-medianas-y-grandes/" "Mozilla/5.0 (Linux; Android 5.0) AppleWebKit/537.36 (KHTML, like Gecko) Mobile Safari/537.36 (compatible; Bytespider; https://bytedance.sg.larkoffice.com/docx/K5bxdypulop3IIxrJb0lOjLVgFe)"
47.128.117.108 - - [18/Aug/2026:08:50:37 -0400] "GET /wp-content/uploads/2025/04/image11-300x300.png HTTP/1.1" 206 500 "https://pradosur.mktpower.cl/producto/alfa-dog-adulto-senior-7-raza-medianas-y-grandes/" "Mozilla/5.0 (Linux; Android 5.0) AppleWebKit/537.36 (KHTML, like Gecko) Mobile Safari/537.36 (compatible; Bytespider; https://bytedance.sg.larkoffice.com/docx/K5bxdypulop3IIxrJb0lOjLVgFe)"
47.128.117.108 - - [18/Aug/2026:08:50:37 -0400] "GET /wp-content/uploads/2025/04/image7-300x300.png HTTP/1.1" 206 500 "https://pradosur.mktpower.cl/producto/alfa-dog-adulto-senior-7-raza-medianas-y-grandes/" "Mozilla/5.0 (Linux; Android 5.0) AppleWebKit/537.36 (KHTML, like Gecko) Mobile Safari/537.36 (compatible; Bytespider; https://bytedance.sg.larkoffice.com/docx/K5bxdypulop3IIxrJb0lOjLVgFe)"
162.240.50.153 - - [18/Aug/2026:08:51:23 -0400] "POST /wp-cron.php?doing_wp_cron=1787057483.0562410354614257812500 HTTP/1.1" 200 - "-" "WordPress/7.0.4; https://pradosur.mktpower.cl"
107.23.62.75 - - [18/Aug/2026:08:51:21 -0400] "GET /producto/arena-topk9-aglutinante-cafe-moka-2kg/?nocache=1786963653 HTTP/1.1" 200 182659 "-" "Mozilla/5.0 AppleWebKit/537.36 (KHTML, like Gecko; compatible; Amazonbot/0.1; +https://developer.amazon.com/support/amazonbot) Chrome/119.0.6045.214 Safari/537.36"
162.240.50.153 - - [18/Aug/2026:08:53:47 -0400] "POST /wp-cron.php?doing_wp_cron=1787057627.2650790214538574218750 HTTP/1.1" 200 - "-" "WordPress/7.0.4; https://pradosur.mktpower.cl"
44.213.36.21 - - [18/Aug/2026:08:53:45 -0400] "GET /producto/bokato-cachorro/?nocache=1786947286 HTTP/1.1" 200 183003 "-" "Mozilla/5.0 AppleWebKit/537.36 (KHTML, like Gecko; compatible; Amazonbot/0.1; +https://developer.amazon.com/support/amazonbot) Chrome/119.0.6045.214 Safari/537.36"
66.249.79.201 - - [18/Aug/2026:08:54:30 -0400] "GET /wp-content/uploads/2025/04/image138.png HTTP/1.1" 200 225749 "-" "Googlebot-Image/1.0"
162.240.50.153 - - [18/Aug/2026:08:56:06 -0400] "POST /wp-cron.php?doing_wp_cron=1787057766.6170439720153808593750 HTTP/1.1" 200 - "-" "WordPress/7.0.4; https://pradosur.mktpower.cl"
23.21.148.226 - - [18/Aug/2026:08:56:04 -0400] "GET /producto/maiz-partido-cisterna-25kg/?nocache=1786973498 HTTP/1.1" 200 176765 "-" "Mozilla/5.0 AppleWebKit/537.36 (KHTML, like Gecko; compatible; Amazonbot/0.1; +https://developer.amazon.com/support/amazonbot) Chrome/119.0.6045.214 Safari/537.36"
162.240.50.153 - - [18/Aug/2026:08:59:25 -0400] "POST /wp-cron.php?doing_wp_cron=1787057965.0842070579528808593750 HTTP/1.1" 200 - "-" "WordPress/7.0.4; https://pradosur.mktpower.cl"
189.123.97.43 - - [18/Aug/2026:08:59:23 -0400] "GET /producto/arena-topk9-aglutinante-cafe-moka-2kg/?add-to-cart=1365 HTTP/1.1" 200 182904 "-" "Mozilla/5.0 (Macintosh; Intel Mac OS X 10_15_7) AppleWebKit/537.36 (KHTML, like Gecko) Chrome/146.0.0.0 Safari/537.36"
47.128.116.43 - - [18/Aug/2026:08:59:27 -0400] "GET /producto/alfa-dog-adulto-senior-7-raza-medianas-y-grandes/ HTTP/1.1" 200 184590 "-" "Mozilla/5.0 (Linux; Android 5.0) AppleWebKit/537.36 (KHTML, like Gecko) Mobile Safari/537.36 (compatible; Bytespider; https://bytedance.sg.larkoffice.com/docx/K5bxdypulop3IIxrJb0lOjLVgFe)"
47.128.116.43 - - [18/Aug/2026:08:59:29 -0400] "GET /wp-content/plugins/woocommerce-products-filter/ext/select_hierarchy/css/html_types/select_hierarchy.css?ver=3.3.6.6 HTTP/1.1" 200 - "https://pradosur.mktpower.cl/producto/alfa-dog-adulto-senior-7-raza-medianas-y-grandes/" "Mozilla/5.0 (Linux; Android 5.0) AppleWebKit/537.36 (KHTML, like Gecko) Mobile Safari/537.36 (compatible; Bytespider; https://bytedance.sg.larkoffice.com/docx/K5bxdypulop3IIxrJb0lOjLVgFe)"
47.128.116.43 - - [18/Aug/2026:08:59:29 -0400] "GET /wp-content/plugins/woocommerce-products-filter/ext/slider/css/html_types/slider.css?ver=3.3.6.6 HTTP/1.1" 200 - "https://pradosur.mktpower.cl/producto/alfa-dog-adulto-senior-7-raza-medianas-y-grandes/" "Mozilla/5.0 (Linux; Android 5.0) AppleWebKit/537.36 (KHTML, like Gecko) Mobile Safari/537.36 (compatible; Bytespider; https://bytedance.sg.larkoffice.com/docx/K5bxdypulop3IIxrJb0lOjLVgFe)"
199.45.154.117 - - [18/Aug/2026:08:59:56 -0400] "GET /wp-json/?_fields=name,description,home,gmt_offset,timezone_string,namespaces HTTP/1.1" 200 764 "-" "Mozilla/5.0 (compatible; CensysInspect/1.1; +https://about.censys.io/)"
162.240.50.153 - - [18/Aug/2026:09:00:07 -0400] "POST /wp-cron.php?doing_wp_cron=1787058007.3029420375823974609375 HTTP/1.1" 200 - "-" "WordPress/7.0.4; https://pradosur.mktpower.cl"
40.77.167.59 - - [18/Aug/2026:09:00:06 -0400] "GET /wp-sitemap-taxonomies-pa_peso-1.xml HTTP/1.1" 200 382 "-" "Mozilla/5.0 AppleWebKit/537.36 (KHTML, like Gecko; compatible; bingbot/2.0; +http://www.bing.com/bingbot.htm) Chrome/116.0.1938.76 Safari/537.36"
162.240.50.153 - - [18/Aug/2026:09:05:52 -0400] "POST /wp-cron.php?doing_wp_cron=1787058352.3883531093597412109375 HTTP/1.1" 200 - "-" "WordPress/7.0.4; https://pradosur.mktpower.cl"
193.186.4.161 - - [18/Aug/2026:09:05:50 -0400] "GET /contacto/ HTTP/1.1" 200 154668 "https://www.google.com/" "Mozilla/5.0 (Windows NT 10.0; Win64; x64) AppleWebKit/537.36 (KHTML, like Gecko) Chrome/151.0.0.0 Safari/537.36"
66.249.82.233 - - [18/Aug/2026:09:05:50 -0400] "GET /.well-known/traffic-advice HTTP/1.1" 404 144079 "-" "Chrome Privacy Preserving Prefetch Proxy"
66.249.82.232 - - [18/Aug/2026:09:05:50 -0400] "GET /.well-known/traffic-advice HTTP/1.1" 404 144079 "-" "Chrome Privacy Preserving Prefetch Proxy"
162.240.50.153 - - [18/Aug/2026:09:05:53 -0400] "POST /wp-cron.php?doing_wp_cron=1787058353.5283570289611816406250 HTTP/1.1" 200 - "-" "WordPress/7.0.4; https://pradosur.mktpower.cl"
162.120.184.51 - - [18/Aug/2026:09:05:51 -0400] "GET / HTTP/1.1" 200 239734 "https://www.google.com/" "Mozilla/5.0 (Windows NT 10.0; Win64; x64) AppleWebKit/537.36 (KHTML, like Gecko) Chrome/151.0.0.0 Safari/537.36"
189.104.218.38 - - [18/Aug/2026:09:08:26 -0400] "GET /wp-content/uploads/2025/04/image21.png HTTP/1.1" 200 613209 "-" "Mozilla/5.0 (compatible; crawler)"
162.240.50.153 - - [18/Aug/2026:09:10:38 -0400] "POST /wp-cron.php?doing_wp_cron=1787058638.5375618934631347656250 HTTP/1.1" 200 - "-" "WordPress/7.0.4; https://pradosur.mktpower.cl"
66.249.79.200 - - [18/Aug/2026:09:10:36 -0400] "GET /producto/arena-topk9-aglutinante-vainilla-4kg/?add-to-cart=1368 HTTP/1.1" 200 182963 "-" "Mozilla/5.0 (Linux; Android 6.0.1; Nexus 5X Build/MMB29P) AppleWebKit/537.36 (KHTML, like Gecko) Chrome/151.0.7922.137 Mobile Safari/537.36 (compatible; Googlebot/2.1; +http://www.google.com/bot.html)"
66.249.79.201 - - [18/Aug/2026:09:10:41 -0400] "GET /wp-includes/js/jquery/ui/core.min.js?ver=1.13.3 HTTP/1.1" 200 21464 "https://pradosur.mktpower.cl/producto/arena-topk9-aglutinante-vainilla-4kg/?add-to-cart=1368" "Mozilla/5.0 (Linux; Android 6.0.1; Nexus 5X Build/MMB29P) AppleWebKit/537.36 (KHTML, like Gecko) Chrome/151.0.7922.137 Mobile Safari/537.36 (compatible; Googlebot/2.1; +http://www.google.com/bot.html)"
162.240.50.153 - - [18/Aug/2026:09:10:44 -0400] "POST /wp-cron.php?doing_wp_cron=1787058644.2109479904174804687500 HTTP/1.1" 200 - "-" "WordPress/7.0.4; https://pradosur.mktpower.cl"
66.249.79.201 - - [18/Aug/2026:09:10:43 -0400] "POST /wp-admin/admin-ajax.php HTTP/1.1" 200 27 "https://pradosur.mktpower.cl/producto/arena-topk9-aglutinante-vainilla-4kg/?add-to-cart=1368" "Mozilla/5.0 (Linux; Android 6.0.1; Nexus 5X Build/MMB29P) AppleWebKit/537.36 (KHTML, like Gecko) Chrome/151.0.7922.137 Mobile Safari/537.36 (compatible; Googlebot/2.1; +http://www.google.com/bot.html)"
66.249.79.201 - - [18/Aug/2026:09:10:45 -0400] "POST /?wc-ajax=get_refreshed_fragments HTTP/1.1" 200 3233 "https://pradosur.mktpower.cl/producto/arena-topk9-aglutinante-vainilla-4kg/?add-to-cart=1368" "Mozilla/5.0 (Linux; Android 6.0.1; Nexus 5X Build/MMB29P) AppleWebKit/537.36 (KHTML, like Gecko) Chrome/151.0.7922.137 Mobile Safari/537.36 (compatible; Googlebot/2.1; +http://www.google.com/bot.html)"
66.249.79.200 - - [18/Aug/2026:09:10:46 -0400] "POST /wp-admin/admin-ajax.php HTTP/1.1" 200 53 "https://pradosur.mktpower.cl/producto/arena-topk9-aglutinante-vainilla-4kg/?add-to-cart=1368" "Mozilla/5.0 (Linux; Android 6.0.1; Nexus 5X Build/MMB29P) AppleWebKit/537.36 (KHTML, like Gecko) Chrome/151.0.7922.137 Mobile Safari/537.36 (compatible; Googlebot/2.1; +http://www.google.com/bot.html)"
85.89.210.116 - - [18/Aug/2026:09:10:54 -0400] "GET /producto/topk9-ecologica-berrie-10kg/?add-to-cart=1353 HTTP/1.1" 200 182792 "-" "Mozilla/5.0 (Macintosh; Intel Mac OS X 10_15_7) AppleWebKit/537.36 (KHTML, like Gecko) Chrome/146.0.0.0 Safari/537.36"
162.240.50.153 - - [18/Aug/2026:09:13:28 -0400] "POST /wp-cron.php?doing_wp_cron=1787058808.5140140056610107421875 HTTP/1.1" 200 - "-" "WordPress/7.0.4; https://pradosur.mktpower.cl"
74.7.244.19 - - [18/Aug/2026:09:13:27 -0400] "GET /robots.txt HTTP/1.1" 301 - "-" "Mozilla/5.0 (Macintosh; Intel Mac OS X 10_15_7) AppleWebKit/537.36 (KHTML, like Gecko) Chrome/131.0.0.0 Safari/537.36; compatible; OAI-SearchBot/1.4; robots.txt; +https://openai.com/searchbot"
74.7.244.19 - - [18/Aug/2026:09:13:28 -0400] "GET /robots.txt HTTP/1.1" 200 270 "https://www.pradosur.mktpower.cl/robots.txt" "Mozilla/5.0 (Macintosh; Intel Mac OS X 10_15_7) AppleWebKit/537.36 (KHTML, like Gecko) Chrome/131.0.0.0 Safari/537.36; compatible; OAI-SearchBot/1.4; robots.txt; +https://openai.com/searchbot"
162.240.50.153 - - [18/Aug/2026:09:40:02 -0400] "POST /wp-cron.php?doing_wp_cron=1787060402.6991469860076904296875 HTTP/1.1" 200 - "-" "WordPress/7.0.4; https://pradosur.mktpower.cl"
34.231.45.47 - - [18/Aug/2026:09:40:00 -0400] "GET /producto/arena-topk9-agl-natural-4kg/?nocache=1786999469 HTTP/1.1" 200 183017 "-" "Mozilla/5.0 AppleWebKit/537.36 (KHTML, like Gecko; compatible; Amazonbot/0.1; +https://developer.amazon.com/support/amazonbot) Chrome/119.0.6045.214 Safari/537.36"
34.231.77.232 - - [18/Aug/2026:09:40:04 -0400] "GET /producto/maiz-molido-25kg/?nocache=1786998809 HTTP/1.1" 200 176446 "-" "Mozilla/5.0 AppleWebKit/537.36 (KHTML, like Gecko; compatible; Amazonbot/0.1; +https://developer.amazon.com/support/amazonbot) Chrome/119.0.6045.214 Safari/537.36"
52.45.15.233 - - [18/Aug/2026:09:40:09 -0400] "GET /producto/pollito-crecimiento-recria-cisterna-25kg/embed/?nocache=1786992772 HTTP/1.1" 200 179048 "-" "Mozilla/5.0 AppleWebKit/537.36 (KHTML, like Gecko; compatible; Amazonbot/0.1; +https://developer.amazon.com/support/amazonbot) Chrome/119.0.6045.214 Safari/537.36"
100.24.149.244 - - [18/Aug/2026:09:40:12 -0400] "GET /producto/champion-dog-adulto-18kg/?nocache=1786970122 HTTP/1.1" 200 184385 "-" "Mozilla/5.0 AppleWebKit/537.36 (KHTML, like Gecko; compatible; Amazonbot/0.1; +https://developer.amazon.com/support/amazonbot) Chrome/119.0.6045.214 Safari/537.36"
52.204.37.237 - - [18/Aug/2026:09:40:17 -0400] "GET /producto/misifus-aglut-cafe-moka-8kg/?nocache=1786969349 HTTP/1.1" 200 181972 "-" "Mozilla/5.0 AppleWebKit/537.36 (KHTML, like Gecko; compatible; Amazonbot/0.1; +https://developer.amazon.com/support/amazonbot) Chrome/119.0.6045.214 Safari/537.36"
52.1.106.130 - - [18/Aug/2026:09:40:20 -0400] "GET /producto/whiskas-gatito-carne-y-leche/?nocache=1786963657 HTTP/1.1" 200 183746 "-" "Mozilla/5.0 AppleWebKit/537.36 (KHTML, like Gecko; compatible; Amazonbot/0.1; +https://developer.amazon.com/support/amazonbot) Chrome/119.0.6045.214 Safari/537.36"
162.240.50.153 - - [18/Aug/2026:09:46:46 -0400] "POST /wp-cron.php?doing_wp_cron=1787060806.6340200901031494140625 HTTP/1.1" 200 - "-" "WordPress/7.0.4; https://pradosur.mktpower.cl"
54.80.185.200 - - [18/Aug/2026:09:46:44 -0400] "GET /producto/arena-topk9-alglut-natural-10kg/?nocache=1786957054 HTTP/1.1" 200 183029 "-" "Mozilla/5.0 AppleWebKit/537.36 (KHTML, like Gecko; compatible; Amazonbot/0.1; +https://developer.amazon.com/support/amazonbot) Chrome/119.0.6045.214 Safari/537.36"
162.240.50.153 - - [18/Aug/2026:09:53:40 -0400] "POST /wp-cron.php?doing_wp_cron=1787061220.3877699375152587890625 HTTP/1.1" 200 - "-" "WordPress/7.0.4; https://pradosur.mktpower.cl"
66.249.79.200 - - [18/Aug/2026:09:53:39 -0400] "GET /robots.txt HTTP/1.1" 200 270 "-" "Mozilla/5.0 (compatible; Googlebot/2.1; +http://www.google.com/bot.html)"
66.249.79.201 - - [18/Aug/2026:09:53:40 -0400] "GET /politicas-de-privacidad/ HTTP/1.1" 200 145054 "-" "Mozilla/5.0 (Linux; Android 6.0.1; Nexus 5X Build/MMB29P) AppleWebKit/537.36 (KHTML, like Gecko) Chrome/151.0.7922.137 Mobile Safari/537.36 (compatible; Googlebot/2.1; +http://www.google.com/bot.html)"
66.249.79.200 - - [18/Aug/2026:09:53:41 -0400] "GET /cambios-y-devoluciones/ HTTP/1.1" 200 144894 "-" "Mozilla/5.0 (Linux; Android 6.0.1; Nexus 5X Build/MMB29P) AppleWebKit/537.36 (KHTML, like Gecko) Chrome/151.0.7922.137 Mobile Safari/537.36 (compatible; Googlebot/2.1; +http://www.google.com/bot.html)"
66.249.79.201 - - [18/Aug/2026:09:53:42 -0400] "GET /wp-*.php HTTP/1.1" 404 144120 "-" "Mozilla/5.0 (Linux; Android 6.0.1; Nexus 5X Build/MMB29P) AppleWebKit/537.36 (KHTML, like Gecko) Chrome/151.0.7922.137 Mobile Safari/537.36 (compatible; Googlebot/2.1; +http://www.google.com/bot.html)"
66.249.79.200 - - [18/Aug/2026:09:53:44 -0400] "GET /mi-cuenta HTTP/1.1" 301 - "-" "Mozilla/5.0 (Linux; Android 6.0.1; Nexus 5X Build/MMB29P) AppleWebKit/537.36 (KHTML, like Gecko) Chrome/151.0.7922.137 Mobile Safari/537.36 (compatible; Googlebot/2.1; +http://www.google.com/bot.html)"
66.249.79.201 - - [18/Aug/2026:09:53:44 -0400] "GET /mi-cuenta/ HTTP/1.1" 200 145239 "-" "Mozilla/5.0 (Linux; Android 6.0.1; Nexus 5X Build/MMB29P) AppleWebKit/537.36 (KHTML, like Gecko) Chrome/151.0.7922.137 Mobile Safari/537.36 (compatible; Googlebot/2.1; +http://www.google.com/bot.html)"
162.240.50.153 - - [18/Aug/2026:09:54:59 -0400] "POST /wp-cron.php?doing_wp_cron=1787061299.5900290012359619140625 HTTP/1.1" 200 - "-" "WordPress/7.0.4; https://pradosur.mktpower.cl"
40.77.167.157 - - [18/Aug/2026:09:54:58 -0400] "GET /wp-sitemap-posts-slider-1.xml HTTP/1.1" 200 420 "-" "Mozilla/5.0 AppleWebKit/537.36 (KHTML, like Gecko; compatible; bingbot/2.0; +http://www.bing.com/bingbot.htm) Chrome/116.0.1938.76 Safari/537.36"
40.77.167.157 - - [18/Aug/2026:09:54:59 -0400] "GET /contacto/ HTTP/1.1" 200 154668 "-" "Mozilla/5.0 AppleWebKit/537.36 (KHTML, like Gecko; compatible; bingbot/2.0; +http://www.bing.com/bingbot.htm) Chrome/116.0.1938.76 Safari/537.36"
40.77.167.157 - - [18/Aug/2026:09:55:08 -0400] "GET /wp-content/plugins/elementor-pro/assets/lib/sticky/jquery.sticky.min.js?ver=3.28.4 HTTP/1.1" 200 3721 "https://pradosur.mktpower.cl/contacto/" "Mozilla/5.0 AppleWebKit/537.36 (KHTML, like Gecko; compatible; bingbot/2.0; +http://www.bing.com/bingbot.htm) Chrome/136.0.0.0 Safari/537.36 AppleWebKit/537.36 (KHTML, like Gecko; compatible; bingbot/2.0; +http://www.bing.com/bingbot.htm) Chrome/116.0.1938.76 Safari/537.36"
40.77.167.157 - - [18/Aug/2026:09:55:08 -0400] "GET /wp-content/plugins/elementor/assets/lib/animations/styles/fadeInRight.min.css?ver=3.28.4 HTTP/1.1" 200 139 "https://pradosur.mktpower.cl/contacto/" "Mozilla/5.0 AppleWebKit/537.36 (KHTML, like Gecko; compatible; bingbot/2.0; +http://www.bing.com/bingbot.htm) Chrome/136.0.0.0 Safari/537.36 AppleWebKit/537.36 (KHTML, like Gecko; compatible; bingbot/2.0; +http://www.bing.com/bingbot.htm) Chrome/116.0.1938.76 Safari/537.36"
157.55.39.200 - - [18/Aug/2026:09:55:16 -0400] "GET /wp-content/plugins/elementor-pro/assets/css/widget-form.min.css?ver=3.28.4 HTTP/1.1" 200 6798 "https://pradosur.mktpower.cl/contacto/" "Mozilla/5.0 AppleWebKit/537.36 (KHTML, like Gecko; compatible; bingbot/2.0; +http://www.bing.com/bingbot.htm) Chrome/136.0.0.0 Safari/537.36 AppleWebKit/537.36 (KHTML, like Gecko; compatible; bingbot/2.0; +http://www.bing.com/bingbot.htm) Chrome/116.0.1938.76 Safari/537.36"
157.55.39.200 - - [18/Aug/2026:09:55:16 -0400] "GET /wp-content/plugins/woocommerce-products-filter/ext/url_request/js/url_parser.js?ver=3.3.6.6 HTTP/1.1" 200 3906 "https://pradosur.mktpower.cl/contacto/" "Mozilla/5.0 AppleWebKit/537.36 (KHTML, like Gecko; compatible; bingbot/2.0; +http://www.bing.com/bingbot.htm) Chrome/136.0.0.0 Safari/537.36 AppleWebKit/537.36 (KHTML, like Gecko; compatible; bingbot/2.0; +http://www.bing.com/bingbot.htm) Chrome/116.0.1938.76 Safari/537.36"
157.55.39.200 - - [18/Aug/2026:09:55:16 -0400] "GET /wp-includes/js/dist/i18n.min.js?ver=781d11515ad3d91786ec HTTP/1.1" 200 5732 "https://pradosur.mktpower.cl/contacto/" "Mozilla/5.0 AppleWebKit/537.36 (KHTML, like Gecko; compatible; bingbot/2.0; +http://www.bing.com/bingbot.htm) Chrome/136.0.0.0 Safari/537.36 AppleWebKit/537.36 (KHTML, like Gecko; compatible; bingbot/2.0; +http://www.bing.com/bingbot.htm) Chrome/116.0.1938.76 Safari/537.36"
157.55.39.200 - - [18/Aug/2026:09:55:16 -0400] "POST /wp-admin/admin-ajax.php HTTP/1.1" 200 27 "https://pradosur.mktpower.cl/contacto/" "Mozilla/5.0 AppleWebKit/537.36 (KHTML, like Gecko; compatible; bingbot/2.0; +http://www.bing.com/bingbot.htm) Chrome/136.0.0.0 Safari/537.36 AppleWebKit/537.36 (KHTML, like Gecko; compatible; bingbot/2.0; +http://www.bing.com/bingbot.htm) Chrome/116.0.1938.76 Safari/537.36"
40.77.167.157 - - [18/Aug/2026:09:55:18 -0400] "GET /wp-content/plugins/elementor/assets/css/widget-google_maps.min.css?ver=3.28.4 HTTP/1.1" 200 301 "https://pradosur.mktpower.cl/contacto/" "Mozilla/5.0 AppleWebKit/537.36 (KHTML, like Gecko; compatible; bingbot/2.0; +http://www.bing.com/bingbot.htm) Chrome/136.0.0.0 Safari/537.36 AppleWebKit/537.36 (KHTML, like Gecko; compatible; bingbot/2.0; +http://www.bing.com/bingbot.htm) Chrome/116.0.1938.76 Safari/537.36"
40.77.167.27 - - [18/Aug/2026:09:55:25 -0400] "GET /wp-content/plugins/elementor/assets/lib/animations/styles/fadeInLeft.min.css?ver=3.28.4 HTTP/1.1" 200 137 "https://pradosur.mktpower.cl/contacto/" "Mozilla/5.0 AppleWebKit/537.36 (KHTML, like Gecko; compatible; bingbot/2.0; +http://www.bing.com/bingbot.htm) Chrome/136.0.0.0 Safari/537.36 AppleWebKit/537.36 (KHTML, like Gecko; compatible; bingbot/2.0; +http://www.bing.com/bingbot.htm) Chrome/116.0.1938.76 Safari/537.36"
40.77.167.27 - - [18/Aug/2026:09:55:25 -0400] "GET /wp-content/uploads/elementor/css/post-196.css?ver=1768006541 HTTP/1.1" 200 19150 "https://pradosur.mktpower.cl/contacto/" "Mozilla/5.0 AppleWebKit/537.36 (KHTML, like Gecko; compatible; bingbot/2.0; +http://www.bing.com/bingbot.htm) Chrome/136.0.0.0 Safari/537.36 AppleWebKit/537.36 (KHTML, like Gecko; compatible; bingbot/2.0; +http://www.bing.com/bingbot.htm) Chrome/116.0.1938.76 Safari/537.36"
40.77.167.27 - - [18/Aug/2026:09:55:25 -0400] "GET /wp-includes/js/dist/hooks.min.js?ver=7496969728ca0f95732d HTTP/1.1" 200 5050 "https://pradosur.mktpower.cl/contacto/" "Mozilla/5.0 AppleWebKit/537.36 (KHTML, like Gecko; compatible; bingbot/2.0; +http://www.bing.com/bingbot.htm) Chrome/136.0.0.0 Safari/537.36 AppleWebKit/537.36 (KHTML, like Gecko; compatible; bingbot/2.0; +http://www.bing.com/bingbot.htm) Chrome/116.0.1938.76 Safari/537.36"
40.77.167.157 - - [18/Aug/2026:09:55:31 -0400] "GET /wp-content/plugins/elementor-pro/assets/js/popup.f7b15b2ca565b152bf98.bundle.min.js HTTP/1.1" 200 752 "https://pradosur.mktpower.cl/contacto/" "Mozilla/5.0 AppleWebKit/537.36 (KHTML, like Gecko; compatible; bingbot/2.0; +http://www.bing.com/bingbot.htm) Chrome/136.0.0.0 Safari/537.36 AppleWebKit/537.36 (KHTML, like Gecko; compatible; bingbot/2.0; +http://www.bing.com/bingbot.htm) Chrome/116.0.1938.76 Safari/537.36"
40.77.167.157 - - [18/Aug/2026:09:55:31 -0400] "GET /wp-content/plugins/elementor-pro/assets/js/form.5fb35271b8ba3fb1e7d6.bundle.min.js HTTP/1.1" 200 19784 "https://pradosur.mktpower.cl/contacto/" "Mozilla/5.0 AppleWebKit/537.36 (KHTML, like Gecko; compatible; bingbot/2.0; +http://www.bing.com/bingbot.htm) Chrome/136.0.0.0 Safari/537.36 AppleWebKit/537.36 (KHTML, like Gecko; compatible; bingbot/2.0; +http://www.bing.com/bingbot.htm) Chrome/116.0.1938.76 Safari/537.36"
199.45.154.77 - - [18/Aug/2026:09:55:34 -0400] "GET / HTTP/1.1" 200 239734 "-" "Mozilla/5.0 (compatible; CensysInspect/1.1; +https://about.censys.io/)"
199.45.154.77 - - [18/Aug/2026:09:55:49 -0400] "GET /wp-content/uploads/2025/03/favicon-300x300.jpg HTTP/1.1" 200 13059 "-" "Mozilla/5.0 (compatible; CensysInspect/1.1; +https://about.censys.io/)"
162.240.50.153 - - [18/Aug/2026:09:56:04 -0400] "POST /wp-cron.php?doing_wp_cron=1787061364.3001260757446289062500 HTTP/1.1" 200 - "-" "WordPress/7.0.4; https://pradosur.mktpower.cl"
199.45.154.77 - - [18/Aug/2026:09:56:03 -0400] "GET /favicon.ico HTTP/1.1" 302 - "-" "Mozilla/5.0 (compatible; CensysInspect/1.1; +https://about.censys.io/)"
162.240.50.153 - - [18/Aug/2026:09:57:06 -0400] "POST /wp-cron.php?doing_wp_cron=1787061426.6433310508728027343750 HTTP/1.1" 200 - "-" "WordPress/7.0.4; https://pradosur.mktpower.cl"
199.45.154.77 - - [18/Aug/2026:09:57:05 -0400] "GET /wp-json/?_fields=name,description,home,gmt_offset,timezone_string,namespaces HTTP/1.1" 200 764 "-" "Mozilla/5.0 (compatible; CensysInspect/1.1; +https://about.censys.io/)"

Youez - 2016 - github.com/yon3zu
LinuXploit